{"id":23,"date":"2023-10-03T12:07:28","date_gmt":"2023-10-03T17:07:28","guid":{"rendered":"https:\/\/asmufare.org\/?page_id=23"},"modified":"2023-10-03T12:07:28","modified_gmt":"2023-10-03T17:07:28","slug":"quienes-somos","status":"publish","type":"page","link":"https:\/\/asmufare.org\/","title":{"rendered":"Qui\u00e9nes somos"},"content":{"rendered":"\n<p>La Asociaci\u00f3n de Mujeres Multi\u00e9tnicas y sus Familias Retornando \u201cASMUFARE\u201d es una organizaci\u00f3n de mujeres y sus <em>familias campesinas<\/em>, <em>desplazadas<\/em> y <em>v\u00edctimas<\/em> del conflicto armado, que tiene como objeto principal promover estilos de vida sostenibles en las dimensiones <strong>sociocultural<\/strong>, espiritual, ambiental y econ\u00f3mica, a trav\u00e9s de proyectos productivos y pedag\u00f3gicos que favorezcan la unidad familiar, y el rescate y fortalecimiento de las identidades campesinas y \u00e9tnicas. Es un principio de ASMUFARE fortalecer procesos de <em>econom\u00eda solidaria<\/em>, promoviendo el tejido de redes sustentables y de consumo consciente con campesinos, afrodescendientes, ind\u00edgenas y otros ciudadanos y ciudadanas que quieren recuperar sus ra\u00edces ancestrales y promover pr\u00e1cticas en defensa del medio ambiente. Es adem\u00e1s una de las organizaciones que integra la Mesa de V\u00edctimas, seccional Quind\u00edo.<\/p>\n\n\n\n<p><strong>\u00bfC\u00f3mo naci\u00f3 ASMUFARE?<\/strong><\/p>\n\n\n\n<p>En el Asentamiento Humano de Nuevo Armenia las fronteras invisibles empezaron a desaparecer cuando por la necesidad familias Multi\u00e9tnicas desplazadas empiezan a darse cuenta que el vecino no es peligroso como le han contado sino que al contrario est\u00e1 viviendo situaciones similares y mutuamente se pueden encontrar apoyo y claridad sobre qu\u00e9 hacer, es as\u00ed que algunas mujeres y sus familias deciden unirse para vislumbrar un Horizonte que mejores las condiciones de vida actual de ellas y sus familias.<\/p>\n\n\n\n<p><strong>\u00bfCu\u00e1l ha sido la trayectoria de ASMUFARE?<\/strong><\/p>\n\n\n\n<p>El 27 de diciembre del 2014 se crea La Asociaci\u00f3n de Mujeres Multi\u00e9tnicas y sus Familias Retornando \u201cASMUFARE\u201d, por la necesidad de visibilizar, organizar y formalizar a las a las mujeres y familias con ni\u00f1os y juventudes de poblaci\u00f3n campesina, ind\u00edgenas, afro descendiente, v\u00edctimas del conflicto armado y\/o poblaci\u00f3n con discapacidad.<\/p>\n\n\n\n<p>Tiene como objeto principal promover estilos de vida sostenibles en las dimensiones cultural, espiritual, ambiental y econ\u00f3mica, a trav\u00e9s de proyectos productivos y pedag\u00f3gicos que favorezcan la unidad familiar, desde sus saberes, conocimientos transformados en Econom\u00edas Propias que les permite la Supervivencia y la visibilizaci\u00f3n de las identidades campesinas \u00e9tnicas en el marco de la convivencia pac\u00edfica.<\/p>\n\n\n\n<p>Es un principio de ASMUFARE fortalecer procesos de econom\u00eda colectiva, promoviendo el tejido de redes sustentables y de consumo consciente con campesinos, afrodescendientes, ind\u00edgenas y otros ciudadanos y ciudadanas que quieren recuperar sus ra\u00edces ancestrales y promover pr\u00e1cticas en defensa del medio ambiente.<\/p>\n\n\n\n<figure class=\"wp-block-embed is-type-video is-provider-youtube wp-block-embed-youtube wp-embed-aspect-16-9 wp-has-aspect-ratio\"><div class=\"wp-block-embed__wrapper\">\n<iframe loading=\"lazy\" title=\"Asmufare\" width=\"840\" height=\"473\" src=\"https:\/\/www.youtube.com\/embed\/7jAIQqHc1ac?feature=oembed\" frameborder=\"0\" allow=\"accelerometer; autoplay; clipboard-write; encrypted-media; gyroscope; picture-in-picture; web-share\" allowfullscreen><\/iframe>\n<\/div><\/figure>\n\n\n\n<p>Desde sus inicios hemos trabajado de la mano con las Universidades, SENA, DPS, Granja Primavera, Hermanas de la Divina Voluntad, ONG CESO de Canad\u00e1, RENDER, ONG espa\u00f1ola, La Confluencia de Mujeres Nacional, Consultorio Jur\u00eddico de la Universidad Javeriana, Defensor\u00eda, Personer\u00eda, voluntarias italianas y alemanas, etc. muchas otras instituciones y Organizaciones de Buena Voluntad que nos han querido acompa\u00f1ar.<\/p>\n\n\n\n<p>Realizamos encuentros mensuales formativos e informativos y durante el a\u00f1o junto a otras Asociaciones y Entidades hacemos eventos culturales, conmemorativos y de comercio en fechas de vital importancia para las Mujeres como son el 8 de marzo (Conmemoraci\u00f3n de la Mujer trabajadora), 9 de abril (Conmemoraci\u00f3n de los sobrevivientes del Conflicto Armado interno) y 25 de noviembre (d\u00eda de la no violencia contra la Mujer).<\/p>\n\n\n\n<p>ASMUFARE es una de las organizaciones que integra la Mesa de V\u00edctimas, seccional Quind\u00edo, el Concejo Comunitario de Mujeres.<\/p>\n\n\n\n<p>Las asociadas de ASMUFARE residen en la ciudad de Armenia, principalmente en los m\u00e1rgenes de la quebrada La Cristalina y Patio Bonito Bajo, donde han construido el Eco asentamiento Laudato Si, como un territorio de paz, en camino de ser ambientalmente sustentables, alimentariamente aut\u00f3nomos, y en pro de la reproducci\u00f3n de la vida campesina y la defensa de los derechos humanos, para el buen vivir en la ciudad.<\/p>\n\n\n\n<p><strong>\u00bfCu\u00e1les son las causas de lucha que tiene ASMUFARE?<\/strong><\/p>\n\n\n\n<p>El Objetivo principal de amufare es acceder a una tierra donde pueda un Prototipo de Escuela Agroecol\u00f3gica con una Comunidad de Paz  sostenible<\/p>\n\n\n\n<figure class=\"wp-block-embed is-type-video is-provider-youtube wp-block-embed-youtube wp-embed-aspect-16-9 wp-has-aspect-ratio\"><div class=\"wp-block-embed__wrapper\">\n<iframe loading=\"lazy\" title=\"CARACTERIZACI\u00d3N ASMUFARE\" width=\"840\" height=\"473\" src=\"https:\/\/www.youtube.com\/embed\/-IuG_yPtyz4?feature=oembed\" frameborder=\"0\" allow=\"accelerometer; autoplay; clipboard-write; encrypted-media; gyroscope; picture-in-picture; web-share\" allowfullscreen><\/iframe>\n<\/div><\/figure>\n\n\n\n<p><strong>\u00bfCu\u00e1l es el quehacer hoy en d\u00eda de ASMUFARE?<\/strong><\/p>\n\n\n\n<p>Durante estos a\u00f1os hemos fortalecido el v\u00ednculo entre familias a trav\u00e9s de encuentros mensuales Formativos e informativos.<\/p>\n\n\n\n<p><strong>\u00bfQu\u00e9 prop\u00f3sitos tiene ASMUFARE con la creaci\u00f3n de una escuela agroecol\u00f3gica?<\/strong><\/p>\n\n\n\n<p> En nuestro Objeto social queremos mantener y fortalecer los conocimientos, cultura y saberes ancestrales de las familias Campesinas y una Escuela de las mismas familias campesinas serias un gran avance.<\/p>\n\n\n\n<p><strong>\u00bfQu\u00e9 concepci\u00f3n tiene ASMUFARE sobre la <em>seguridad alimentaria<\/em>?<\/strong><\/p>\n\n\n\n<p>La seguridad y Soberan\u00eda alimentaria es para ASMUFARE tener la Tierra, Poderla Sembrar y transformar y alimentarse con la seguridad que no est\u00e1 envenenado ni tiene elementos extra\u00f1os, pero tambi\u00e9n es contar con esos alimentos ancestrales que est\u00e1n desapareciendo y que cuentan con grandes propiedades nutritivas y curativas como lo son la Cidra, el Sagu, el ma\u00edz, C\u00farcuma, Quinua, etc.<\/p>\n\n\n\n<p><strong>\u00bfConsideran necesario hablar en t\u00e9rminos de disminuir la <em>vulnerabilidad alimentaria?<\/em><\/strong><\/p>\n\n\n\n<p>Es necesario hablar y visibilizar la gran problem\u00e1tica alimentaria y nutricional que viven las familias de Asmufare por no contar con la tierra para producir sus alimentos y por la falta de un trabajo estable y equitativo que le permita acceder a ellos.<\/p>\n\n\n\n<p><strong>\u00bfSe han pensado el concepto de <em>soberan\u00eda alimentaria?<\/em><\/strong><\/p>\n\n\n\n<p>Alimentos propios del territorio suficientes y variados<\/p>\n\n\n\n<ol class=\"wp-block-list\" start=\"8\"><\/ol>\n\n\n\n<p><\/p>\n\n\n\n<p><\/p>\n","protected":false},"excerpt":{"rendered":"<p>La Asociaci\u00f3n de Mujeres Multi\u00e9tnicas y sus Familias Retornando \u201cASMUFARE\u201d es una organizaci\u00f3n de mujeres y sus familias campesinas, desplazadas y v\u00edctimas del conflicto armado, &hellip; <\/p>\n","protected":false},"author":2,"featured_media":397,"parent":0,"menu_order":0,"comment_status":"closed","ping_status":"closed","template":"","meta":{"ngg_post_thumbnail":0,"footnotes":""},"class_list":["post-23","page","type-page","status-publish","has-post-thumbnail","hentry"],"_links":{"self":[{"href":"https:\/\/asmufare.org\/index.php?rest_route=\/wp\/v2\/pages\/23","targetHints":{"allow":["GET"]}}],"collection":[{"href":"https:\/\/asmufare.org\/index.php?rest_route=\/wp\/v2\/pages"}],"about":[{"href":"https:\/\/asmufare.org\/index.php?rest_route=\/wp\/v2\/types\/page"}],"author":[{"embeddable":true,"href":"https:\/\/asmufare.org\/index.php?rest_route=\/wp\/v2\/users\/2"}],"replies":[{"embeddable":true,"href":"https:\/\/asmufare.org\/index.php?rest_route=%2Fwp%2Fv2%2Fcomments&post=23"}],"version-history":[{"count":0,"href":"https:\/\/asmufare.org\/index.php?rest_route=\/wp\/v2\/pages\/23\/revisions"}],"wp:featuredmedia":[{"embeddable":true,"href":"https:\/\/asmufare.org\/index.php?rest_route=\/"}],"wp:attachment":[{"href":"https:\/\/asmufare.org\/index.php?rest_route=%2Fwp%2Fv2%2Fmedia&parent=23"}],"curies":[{"name":"wp","href":"https:\/\/api.w.org\/{rel}","templated":true}]}}